. Calculate the highest common factor of o and 25.
5
Suppose -7657 = -10*u - 7017. What is the highest common divisor of u and 96?
32
Let g(a) = 2*a**2 - 8*a - 7. Let h be g(-4). Suppose 9*q + 3 - h = 0. Calculate the greatest common divisor of 66 and q.
6
Let f = 13 - 13. Suppose 3*v + f*v = 60. Suppose 240 = 29*r - 26*r. What is the greatest common factor of v and r?
20
Let g be (10 - 286/33)/(6/(-315)*-5). Let v(r) = 76*r + 2. Let f be v(2). Calculate the greatest common factor of g and f.
14
Suppose -383 - 175 = -18*r. Let m(y) = -287*y + 15. Let l be m(-2). Calculate the greatest common divisor of r and l.
31
Suppose -22*x + 877 + 1235 = 0. Calculate the greatest common divisor of 864 and x.
96
Suppose -3*i + 2703 = -j, 5*i = 7*j - 5*j + 4506. What is the highest common divisor of i and 20?
20
Suppose -5*a - 272 = -y, -a = a + 8. Let c be (-144)/y - (-2)/(-14)*-669. What is the greatest common factor of 76 and c?
19
Let u be (-37884 + 229)*2/(-10). Calculate the greatest common factor of 17 and u.
17
Suppose 4*y - 382 = 102. Let u = -5 + 9. Suppose 2*g - 21 - 9 = 4*m, g - 19 = u*m. Calculate the greatest common divisor of g and y.
11
Suppose 93*q - 98*q + 2406 = 2*m, -3*q = 3*m - 1458. Calculate the greatest common divisor of 34 and q.
2
Let f(g) = g**3 - g**2 - g + 38. Let l be f(0). Suppose 27 = l*n - 11*n. What is the greatest common factor of 6 and n?
1
Suppose -w = r - 7, 3*w - r - 3 = 2*w. Suppose -4*x + 9*x + w = 0. Let f be x + 4 + 231/11. What is the greatest common divisor of f and 96?
24
Suppose 64 - 8 = 2*b. Let h(m) = -368*m**3 - 5*m**2 - 357*m - 356. Let v be h(-1). What is the greatest common divisor of v and b?
28
Let y = -1601 - -1610. Let a(b) = 4*b - 4. Let m be a(10). What is the greatest common factor of m and y?
9
Let c(a) = 278*a + 1212. Let g be c(14). Calculate the greatest common factor of 116 and g.
116
Let a(k) = 7*k**3 - 4*k**2 + k + 2. Let q be a(3). Let w = -150 + q. What is the greatest common divisor of w and 248?
8
Suppose 0 = 5*l - z - 4599, 5*l + 12*z = 15*z + 4607. What is the greatest common factor of 1 and l?
1
Let t(h) = 7*h**2 + 33*h + 199. Let g be t(-7). Let p = g + -176. What is the highest common factor of 30 and p?
15
Suppose 5*u - 365 = 2*g, -5*u = 3*g - 515 + 125. What is the highest common divisor of 1500 and u?
75
Let k(l) = 703*l**2 - 28*l + 469. Let f be k(9). Calculate the greatest common factor of f and 40.
40
Suppose 14*y = -0*y + 645 - 113. Suppose 2*r - 309 + 43 = 0. Calculate the highest common divisor of y and r.
19
Let u be ((-4)/((-40)/90) - 5)/((-2)/(-4)). What is the greatest common divisor of u and 248?
8
Suppose -10*q - 100 + 160 = 0. Let j(k) = 27*k - 160. Let t be j(q). Calculate the highest common divisor of 18 and t.
2
Let r(k) = -88*k. Let g be r(-5). Let d = -66213 + 66268. Calculate the greatest common factor of d and g.
55
Let g be 4595 + (4 + -7)*280/105. What is the greatest common divisor of g and 556?
139
Let u = -4029 - -4605. Calculate the greatest common factor of u and 1056.
96
Suppose -48*n - 3*n = 33*n - 56448. What is the greatest common divisor of n and 476?
28
Suppose -5*m - 2*o - 12 = -59, -m + 4 = -5*o. Suppose 3*t + 45 = 4*l, -2*l - 2*l = 5*t - 85. What is the greatest common factor of m and l?
3
Let a = -865 - -887. Suppose 764 = 7*o - 468. What is the greatest common divisor of o and a?
22
Suppose -3*g + x + 502 = 190, -540 = -5*g - 5*x. What is the greatest common factor of g and 77?
7
Let w(v) = v**2 - 17*v - 684. Let k be w(-24). What is the greatest common factor of k and 1020?
60
Let w = -177 - -249. Let r be ((-36)/(-27))/(4/18). Suppose -3*z + 3*x - 156 = -r*z, 0 = z + 3*x - 60. Calculate the greatest common factor of w and z.
24
Let u = 708 + -1306. Let c = u + 774. What is the highest common divisor of c and 44?
44
Let k be 1018/26 - 2/13. Let c be (k - 1)*(-3)/(-6). Suppose 5*d - c = 3*y + 43, 0 = 3*y + 12. Calculate the greatest common divisor of 5 and d.
5
Let w(g) be the second derivative of -12*g**3 + 199*g**2 + g - 88. Let k be w(5). Suppose -120 = -4*f + 32. What is the greatest common divisor of f and k?
38
Let j = 8020 + -5173. Let p = -1631 + j. Calculate the highest common factor of p and 76.
76
Let i be (1 + 15/(-6))*-4 - 0. Let t be (-43)/(-9) - i/(-81)*3. Let m be 2 - ((-4)/(-2) - t). Calculate the greatest common divisor of 5 and m.
5
Suppose 3*j + 4*m - 116 = 0, 482 = 2*j + 5*m + 407. Calculate the highest common factor of 11430 and j.
10
Suppose -4*l + 5*b + 77 = 0, -7 = -l - 5*b - 19. Let h be (-2)/l - (-13041)/351. Calculate the highest common divisor of h and 111.
37
Let z = -53 + 52. Let x be z/(1/(3 - 81)). Suppose 0 = 5*b + 5*g - 70, 5*b - g = 2*g + x. Calculate the greatest common factor of b and 135.
15
Suppose 5*b - 669*p = -670*p + 1189, -p = b - 237. Suppose 4*s + 0*a + a = 107, 4*s + 2*a - 102 = 0. Calculate the highest common factor of b and s.
14
Let o be 53*(-1 - 15/(-10))*(13 + -11). What is the greatest common factor of 17172 and o?
53
Let t(z) = 35*z - 78. Let s be t(2). Let g be 84/24 + (-260)/s. What is the greatest common factor of g and 612?
36
Let h(i) = 5*i**3 + 4*i**2 - 126*i - 17. Let a be h(7). Calculate the highest common factor of a and 1804.
44
Suppose -43316 = -64*w - 118*w. Calculate the highest common factor of w and 42.
14
Suppose 111393 = -111*o + 555837. Calculate the greatest common divisor of 77 and o.
77
Suppose d + 4*i = 5*d - 1380, 0 = 3*i + 9. Suppose 2*s = -s + d. What is the greatest common factor of s and 19?
19
Let y be 16 + (-8 - -4)*(-2 + 3). Suppose 2*v - y = 3*v + 3*a, 5*a = -4*v - 20. Suppose v = 4*f + 25 - 29. Calculate the highest common factor of f and 5.
1
Let a = -70 + 79. Let o = a + -9. Suppose o = 5*j + m - 1799, 0 = -4*j - 4*m - m + 1435. Calculate the greatest common divisor of j and 40.
40
Let c(n) = -7*n + 4*n**2 + n**3 + 4*n - 2*n**2 - 4*n**2 + 18 - 5*n. Let r be c(0). Calculate the highest common factor of r and 45.
9
Let t = -2100 + 2128. Calculate the greatest common factor of 602 and t.
14
Suppose 49*h - 40305 = 100325. What is the greatest common divisor of h and 560?
70
Suppose 11 - 3 = 2*y. Suppose -4*f = y, 2*j + 0*j - 10 = 4*f. Suppose -d = -6*d - j*c + 20, 2*c = -4*d + 18. Calculate the highest common factor of 56 and d.
7
Let m be ((-46)/(-3))/((-7)/21). Let g = m - -81. Let t(p) = 14*p + 35. Let k be t(0). What is the greatest common factor of k and g?
35
Let m be -26*((-10)/4 - -2). Let t(g) = -897*g + 117. Let h be t(0). Calculate the greatest common divisor of m and h.
13
Suppose -4*n + 5*s = -17 + 4, -3*n - 29 = 4*s. Let f be (-858)/(-36) + n/(-18). What is the greatest common factor of 16 and f?
8
Suppose -2*y - 3*y + 155 = 0. Let i = y + -27. Let v = -115 + 151. Calculate the highest common divisor of v and i.
4
Let x(m) = m + 11. Let v be x(-8). Suppose p + 4*y + 28 = 4*p, p - v*y = 6. Suppose 61*a = 1120 + 6932. Calculate the greatest common factor of p and a.
12
Let s = 84 - 374. Let m be s/(-6) + (-20)/60. What is the greatest common factor of m and 72?
24
Let l be (2832/(-64) - 6)/((-2)/8). Calculate the greatest common factor of l and 6.
3
Let b = 7 + -2. Let t(y) = 3*y**2 - 6*y - 1. Let h be t(b). Let k be (2 - (-6 + 15))*((-4)/(-7))/(-1). What is the greatest common divisor of h and k?
4
Let l(a) = -21*a - 15. Let s be l(0). Let g(b) = b**2 + 21*b + 131. Let o be g(s). What is the greatest common divisor of 533 and o?
41
Let q(g) = -g**3 - 14*g**2 + 28*g - 13. Let i be q(-16). What is the greatest common divisor of i and 187?
17
Let u be (30/12)/((-25)/(-30)). Let a = 21 - 16. Suppose -a*x + 2*x + p = -20, 4*x + 4*p - 16 = 0. What is the highest common divisor of x and u?
3
Suppose -3153*x + 3140*x + 3445 = 0. Calculate the greatest common factor of x and 848.
53
Let p be (18/(-1))/(-2 + 1). Let t be (10 + -1)/(-3)*(-4)/(-3) + 7. Calculate the greatest common factor of p and t.
3
Let i be 29 - (1 + 1)/(-2). Let b = 688 - 684. Suppose o = b*q + 7, -4*q = 19*o - 15*o - 68. What is the highest common factor of o and i?
15
Let v = -20316 - -20424. What is the highest common divisor of v and 738?
18
Let m(o) be the second derivative of -2*o**3/3 + 23*o**2/2 + 23*o. Let t be m(-4). Calculate the greatest common divisor of 351 and t.
39
